{"id":8,"date":"2024-03-14T10:30:42","date_gmt":"2024-03-14T09:30:42","guid":{"rendered":"https:\/\/www.martyka.eu\/?page_id=8"},"modified":"2024-03-14T18:45:30","modified_gmt":"2024-03-14T17:45:30","slug":"kilka-slow-o-mnie","status":"publish","type":"page","link":"https:\/\/www.martyka.eu\/index.php\/kilka-slow-o-mnie\/","title":{"rendered":"Kilka s\u0142\u00f3w o mnie"},"content":{"rendered":"\n<div class=\"wp-block-columns is-not-stacked-on-mobile is-layout-flex wp-container-core-columns-is-layout-9d6595d7 wp-block-columns-is-layout-flex\">\n<div class=\"wp-block-column is-layout-flow wp-block-column-is-layout-flow\" style=\"flex-basis:66.66%\">\n<p>Mam 45 lat, jestem przedsi\u0119biorc\u0105 od 2006 roku. Od samego pocz\u0105tku zajmowa\u0142em si\u0119 dostarczaniem cz\u0119\u015bci zamiennych dla przemys\u0142u, p\u00f3\u017aniej stopniowo przechodz\u0105c na produkcj\u0119 i handel cz\u0119\u015bciami do produkcji bram gara\u017cowych. W 2014 roku wprowadzili\u015bmy na rynek w\u0142asn\u0105 mark\u0119 bram segmentowych. Nasze produkty by\u0142y montowane w ca\u0142ej Polsce. Opracowali\u015bmy i wprowadzili\u015bmy na rynek na rynek nowe rozwi\u0105zania zamka i klamki do bramy gara\u017cowej, na kt\u00f3re otrzymali\u015bmy ochron\u0119 Urz\u0119du Patentowego RP. Opracowali\u015bmy i wprowadzili\u015bmy na rynek innowacyjn\u0105 maszyn\u0119 do t\u0142oczenia blach kasetonowych na poszycie bram uchylnych. Cztery lata pod rz\u0105d otrzymali\u015bmy tytu\u0142 &#8222;Najlepsi&#8221; przyznawany przez Oferteo.pl, najwi\u0119kszy w Polsce portal \u0142\u0105cz\u0105cy wykonawc\u00f3w z klientami.<\/p>\n\n\n\n<p>Prywatnie jestem mega-szcz\u0119\u015bliwym m\u0119\u017cem Joasi i ojcem czw\u00f3rki dzieci. Zwi\u0105zany jestem z Tarnowem od ponad 30 lat. Jestem absolwentem III Liceum Og\u00f3lnokszta\u0142c\u0105cego w Tarnowie. Tytu\u0142 in\u017cyniera otrzyma\u0142em na Akademii G\u00f3rniczo-Hutniczej w Krakowie, na Wydziale In\u017cynierii Mechanicznej i Robotyki.<\/p>\n\n\n\n<p>Od zawsze, niezmiennie mam przekonania konserwarywno-prawicowe. Jest to naturalna konsekwencja kierowania si\u0119 w \u017cyciu logik\u0105 i twardego analizowania danych. Moim marzeniem jest jak najszersze ukazanie innym tego, co dla mnie jest oczywiste. Programy i pomys\u0142y lewicowe nie sprawdzi\u0142y si\u0119 nigdy i nigdzie &#8211; w ca\u0142ej historii \u015bwiata. Je\u017celi nie by\u0142o finansowania zewn\u0119trznego, zawsze doprowadza\u0142y do zapa\u015bci finansowej i bankructwa. Naiwno\u015bci\u0105 jest s\u0105dzi\u0107, \u017ce w przypadku zar\u00f3wno Polski, jak lokalnie, naszych ma\u0142ych ojczyzn, b\u0119dzie inaczej.<\/p>\n\n\n\n<p>Zale\u017cy mi, \u017ceby ludzie dooko\u0142a mogli cieszy\u0107 si\u0119 codzienno\u015bci\u0105 w bogatym i przyjaznym \u015brodowisku. Wolnym od ideologicznych, lewicowych bredni i utopijnych, za to niesamowicie drogich pomys\u0142\u00f3w. Do tego konieczna jest szeroka zmiana my\u015blenia i mam ogromn\u0105 nadziej\u0119 przys\u0142u\u017cy\u0107 si\u0119 temu procesowi &#8211; dla dobra nas wszystkich.<\/p>\n\n\n<div class=\"wp-block-image\">\n<figure class=\"alignright size-full is-resized\"><img loading=\"lazy\" decoding=\"async\" width=\"486\" height=\"120\" src=\"https:\/\/www.martyka.eu\/wp-content\/uploads\/2024\/03\/image003.jpg\" alt=\"\" class=\"wp-image-12\" style=\"width:269px;height:auto\" srcset=\"https:\/\/www.martyka.eu\/wp-content\/uploads\/2024\/03\/image003.jpg 486w, https:\/\/www.martyka.eu\/wp-content\/uploads\/2024\/03\/image003-300x74.jpg 300w\" sizes=\"auto, (max-width: 486px) 100vw, 486px\" \/><\/figure>\n<\/div><\/div>\n\n\n\n<div class=\"wp-block-column is-layout-flow wp-block-column-is-layout-flow\" style=\"flex-basis:33.34%\">\n<figure class=\"wp-block-image size-large\"><img loading=\"lazy\" decoding=\"async\" width=\"491\" height=\"1024\" src=\"https:\/\/www.martyka.eu\/wp-content\/uploads\/2024\/03\/image001-491x1024.jpg\" alt=\"\" class=\"wp-image-9\" srcset=\"https:\/\/www.martyka.eu\/wp-content\/uploads\/2024\/03\/image001-491x1024.jpg 491w, https:\/\/www.martyka.eu\/wp-content\/uploads\/2024\/03\/image001-144x300.jpg 144w, https:\/\/www.martyka.eu\/wp-content\/uploads\/2024\/03\/image001-768x1602.jpg 768w, https:\/\/www.martyka.eu\/wp-content\/uploads\/2024\/03\/image001-736x1536.jpg 736w, https:\/\/www.martyka.eu\/wp-content\/uploads\/2024\/03\/image001.jpg 770w\" sizes=\"auto, (max-width: 491px) 100vw, 491px\" \/><\/figure>\n<\/div>\n<\/div>\n","protected":false},"excerpt":{"rendered":"<p>Mam 45 lat, jestem przedsi\u0119biorc\u0105 od 2006 roku. Od samego pocz\u0105tku zajmowa\u0142em si\u0119 dostarczaniem cz\u0119\u015bci &hellip; <\/p>\n","protected":false},"author":1,"featured_media":0,"parent":0,"menu_order":0,"comment_status":"closed","ping_status":"closed","template":"","meta":{"footnotes":""},"class_list":["post-8","page","type-page","status-publish","hentry"],"_links":{"self":[{"href":"https:\/\/www.martyka.eu\/index.php\/wp-json\/wp\/v2\/pages\/8","targetHints":{"allow":["GET"]}}],"collection":[{"href":"https:\/\/www.martyka.eu\/index.php\/wp-json\/wp\/v2\/pages"}],"about":[{"href":"https:\/\/www.martyka.eu\/index.php\/wp-json\/wp\/v2\/types\/page"}],"author":[{"embeddable":true,"href":"https:\/\/www.martyka.eu\/index.php\/wp-json\/wp\/v2\/users\/1"}],"replies":[{"embeddable":true,"href":"https:\/\/www.martyka.eu\/index.php\/wp-json\/wp\/v2\/comments?post=8"}],"version-history":[{"count":4,"href":"https:\/\/www.martyka.eu\/index.php\/wp-json\/wp\/v2\/pages\/8\/revisions"}],"predecessor-version":[{"id":121,"href":"https:\/\/www.martyka.eu\/index.php\/wp-json\/wp\/v2\/pages\/8\/revisions\/121"}],"wp:attachment":[{"href":"https:\/\/www.martyka.eu\/index.php\/wp-json\/wp\/v2\/media?parent=8"}],"curies":[{"name":"wp","href":"https:\/\/api.w.org\/{rel}","templated":true}]}}